{"id":960,"date":"2025-03-09T17:12:54","date_gmt":"2025-03-09T17:12:54","guid":{"rendered":"https:\/\/joyasnehgne.cl\/wp3\/?post_type=product&#038;p=960"},"modified":"2026-02-20T19:07:56","modified_gmt":"2026-02-20T19:07:56","slug":"960","status":"publish","type":"product","link":"https:\/\/joyasnehgne.cl\/wp3\/product\/960\/","title":{"rendered":"CRUZ PLATA NUDO BRUJA"},"content":{"rendered":"<p>Colgante de plata<\/p>\n<p>Modelo nudo de bruja<\/p>\n<p>Peso 2,9 gramos Aproximado<\/p>\n<p>Tama\u00f1o de colgante 2,6 x 2,6 CM<\/p>\n<p>El\u00a0<strong>nudo de bruja<\/strong>\u00a0es un\u00a0<strong>s\u00edmbolo antiguo<\/strong>\u00a0utilizado en la magia y la brujer\u00eda, que representa la\u00a0<strong>eternidad<\/strong>\u00a0y la\u00a0<strong>interconexi\u00f3n de las fuerzas del universo<\/strong>. Este nudo es considerado un\u00a0<strong>amulet<\/strong>o protector que bloquea malas energ\u00edas y brinda seguridad al portador. Adem\u00e1s, simboliza la conexi\u00f3n entre el mundo espiritual y el terrenal, y se utiliza en diversos rituales y hechizos. Los cuatro brazos del nudo est\u00e1n vinculados con los elementos de la magia natural: agua, aire, tierra y fuego.\u00a0<span class=\"b_cit_parent\" data-priority=\"2\" data-clicks=\"1\" data-h=\"ID=SERP,5734.1\" data-bm=\"86\"><span data-priority=\"2\" data-bm=\"89\">En la cultura celta, este s\u00edmbolo ha sido venerado por su capacidad de ofrecer protecci\u00f3n<\/span><\/span><\/p>\n<p>Enviamos a todo Chile, tambi\u00e9n puede ser retirado desde nuestro Showroom ubicado en Providencia, Previa cita al +56992201582<\/p>\n","protected":false},"excerpt":{"rendered":"<p>Colgante de plata Modelo nudo de bruja Peso 2,9 gramos Aproximado Tama\u00f1o de colgante 2,6 x 2,6 CM El\u00a0nudo de bruja\u00a0es un\u00a0s\u00edmbolo antiguo\u00a0utilizado en la magia y la brujer\u00eda, que representa la\u00a0eternidad\u00a0y la\u00a0interconexi\u00f3n de las fuerzas del universo. Este nudo es considerado un\u00a0amuleto protector que bloquea malas energ\u00edas y brinda seguridad al portador. Adem\u00e1s, simboliza [&hellip;]<\/p>\n","protected":false},"featured_media":961,"template":"","meta":{"pagelayer_contact_templates":[],"_pagelayer_content":""},"product_brand":[],"product_cat":[22,17],"product_tag":[],"class_list":{"0":"post-960","1":"product","2":"type-product","3":"status-publish","4":"has-post-thumbnail","6":"product_cat-colgantesdeplata","7":"product_cat-joyasdeplata","9":"first","10":"instock","11":"shipping-taxable","12":"purchasable","13":"product-type-simple"},"_links":{"self":[{"href":"https:\/\/joyasnehgne.cl\/wp3\/wp-json\/wp\/v2\/product\/960","targetHints":{"allow":["GET"]}}],"collection":[{"href":"https:\/\/joyasnehgne.cl\/wp3\/wp-json\/wp\/v2\/product"}],"about":[{"href":"https:\/\/joyasnehgne.cl\/wp3\/wp-json\/wp\/v2\/types\/product"}],"wp:featuredmedia":[{"embeddable":true,"href":"https:\/\/joyasnehgne.cl\/wp3\/wp-json\/wp\/v2\/media\/961"}],"wp:attachment":[{"href":"https:\/\/joyasnehgne.cl\/wp3\/wp-json\/wp\/v2\/media?parent=960"}],"wp:term":[{"taxonomy":"product_brand","embeddable":true,"href":"https:\/\/joyasnehgne.cl\/wp3\/wp-json\/wp\/v2\/product_brand?post=960"},{"taxonomy":"product_cat","embeddable":true,"href":"https:\/\/joyasnehgne.cl\/wp3\/wp-json\/wp\/v2\/product_cat?post=960"},{"taxonomy":"product_tag","embeddable":true,"href":"https:\/\/joyasnehgne.cl\/wp3\/wp-json\/wp\/v2\/product_tag?post=960"}],"curies":[{"name":"wp","href":"https:\/\/api.w.org\/{rel}","templated":true}]}}