{"id":693,"date":"2025-02-23T20:24:16","date_gmt":"2025-02-23T20:24:16","guid":{"rendered":"https:\/\/joyasnehgne.cl\/wp3\/?post_type=product&#038;p=693"},"modified":"2026-02-27T15:32:00","modified_gmt":"2026-02-27T15:32:00","slug":"cadena-de-plata-cccp170","status":"publish","type":"product","link":"https:\/\/joyasnehgne.cl\/wp3\/product\/cadena-de-plata-cccp170\/","title":{"rendered":"CADENA DE PLATA CCCP170"},"content":{"rendered":"<p>Delicada cadena de plata 950, hecha con maquina<\/p>\n<p>Tama\u00f1o de eslab\u00f3n 1,5 x 0,8MM<\/p>\n<p>Largo cadena 50 CM<\/p>\n<p>Peso 1,8 gramos aproximado<\/p>\n<p>Broche tim\u00f3n de 3 MM<\/p>\n<p>Enviamos a todo Chile o Puede ser retirado desde nuestro Showroom ubicado en Providencia, cercan\u00eda metro Pedro de Valdivia, Previa cita al +5692201582<\/p>\n<p>&nbsp;<\/p>\n<p>&nbsp;<\/p>\n","protected":false},"excerpt":{"rendered":"<p>Delicada cadena de plata 950, hecha con maquina Tama\u00f1o de eslab\u00f3n 1,5 x 0,8MM Largo cadena 50 CM Peso 1,8 gramos aproximado Broche tim\u00f3n de 3 MM Enviamos a todo Chile o Puede ser retirado desde nuestro Showroom ubicado en Providencia, cercan\u00eda metro Pedro de Valdivia, Previa cita al +5692201582 &nbsp; &nbsp;<\/p>\n","protected":false},"featured_media":694,"template":"","meta":{"pagelayer_contact_templates":[],"_pagelayer_content":""},"product_brand":[],"product_cat":[19,17],"product_tag":[],"class_list":{"0":"post-693","1":"product","2":"type-product","3":"status-publish","4":"has-post-thumbnail","6":"product_cat-cadenasdeplata","7":"product_cat-joyasdeplata","9":"first","10":"instock","11":"shipping-taxable","12":"purchasable","13":"product-type-simple"},"_links":{"self":[{"href":"https:\/\/joyasnehgne.cl\/wp3\/wp-json\/wp\/v2\/product\/693","targetHints":{"allow":["GET"]}}],"collection":[{"href":"https:\/\/joyasnehgne.cl\/wp3\/wp-json\/wp\/v2\/product"}],"about":[{"href":"https:\/\/joyasnehgne.cl\/wp3\/wp-json\/wp\/v2\/types\/product"}],"wp:featuredmedia":[{"embeddable":true,"href":"https:\/\/joyasnehgne.cl\/wp3\/wp-json\/wp\/v2\/media\/694"}],"wp:attachment":[{"href":"https:\/\/joyasnehgne.cl\/wp3\/wp-json\/wp\/v2\/media?parent=693"}],"wp:term":[{"taxonomy":"product_brand","embeddable":true,"href":"https:\/\/joyasnehgne.cl\/wp3\/wp-json\/wp\/v2\/product_brand?post=693"},{"taxonomy":"product_cat","embeddable":true,"href":"https:\/\/joyasnehgne.cl\/wp3\/wp-json\/wp\/v2\/product_cat?post=693"},{"taxonomy":"product_tag","embeddable":true,"href":"https:\/\/joyasnehgne.cl\/wp3\/wp-json\/wp\/v2\/product_tag?post=693"}],"curies":[{"name":"wp","href":"https:\/\/api.w.org\/{rel}","templated":true}]}}