{"id":668,"date":"2025-02-21T18:05:35","date_gmt":"2025-02-21T18:05:35","guid":{"rendered":"https:\/\/joyasnehgne.cl\/wp3\/?post_type=product&#038;p=668"},"modified":"2026-01-25T23:58:18","modified_gmt":"2026-01-25T23:58:18","slug":"collar-de-perla-de-rio-ppc002","status":"publish","type":"product","link":"https:\/\/joyasnehgne.cl\/wp3\/product\/collar-de-perla-de-rio-ppc002\/","title":{"rendered":"COLLAR DE PERLA DE RIO PPC002"},"content":{"rendered":"<p>Delicado Collar Perla de Rio color blanco y Aplicaciones\u00a0 de Plata 950<\/p>\n<p>broche Tim\u00f3n de 1,4 CM de di\u00e1metro<\/p>\n<p>Este collar no puede faltar dentro de tu joyero, combina con todo y nunca pasa de moda<\/p>\n<p>Tama\u00f1o de la perla 8 x 5 MM Aproximadamente.<\/p>\n<p>Hecho a mano<\/p>\n<p>Por mujeres Chile<\/p>\n<p>Peso 14 gramos aproximadamente<\/p>\n<p>Largo 41 CM Aproximado. (se puede personalizar)<\/p>\n<p>Enviamos a todo Chile o puedes retirarlo desde nuestro showroom ubicado en Providencia, cercan\u00eda Estaci\u00f3n\u00a0 metro Pedro de Valdivia, se solicita previa cita al +56992201582<\/p>\n","protected":false},"excerpt":{"rendered":"<p>Delicado Collar Perla de Rio color blanco y Aplicaciones\u00a0 de Plata 950 broche Tim\u00f3n de 1,4 CM de di\u00e1metro Este collar no puede faltar dentro de tu joyero, combina con todo y nunca pasa de moda Tama\u00f1o de la perla 8 x 5 MM Aproximadamente. Hecho a mano Por mujeres Chile Peso 14 gramos aproximadamente [&hellip;]<\/p>\n","protected":false},"featured_media":669,"template":"","meta":{"pagelayer_contact_templates":[],"_pagelayer_content":""},"product_brand":[],"product_cat":[35,50,32,17],"product_tag":[],"class_list":{"0":"post-668","1":"product","2":"type-product","3":"status-publish","4":"has-post-thumbnail","6":"product_cat-collaresdepiedra","7":"product_cat-collaresdeplata","8":"product_cat-joyasdepiedras","9":"product_cat-joyasdeplata","11":"first","12":"instock","13":"shipping-taxable","14":"purchasable","15":"product-type-simple"},"_links":{"self":[{"href":"https:\/\/joyasnehgne.cl\/wp3\/wp-json\/wp\/v2\/product\/668","targetHints":{"allow":["GET"]}}],"collection":[{"href":"https:\/\/joyasnehgne.cl\/wp3\/wp-json\/wp\/v2\/product"}],"about":[{"href":"https:\/\/joyasnehgne.cl\/wp3\/wp-json\/wp\/v2\/types\/product"}],"wp:featuredmedia":[{"embeddable":true,"href":"https:\/\/joyasnehgne.cl\/wp3\/wp-json\/wp\/v2\/media\/669"}],"wp:attachment":[{"href":"https:\/\/joyasnehgne.cl\/wp3\/wp-json\/wp\/v2\/media?parent=668"}],"wp:term":[{"taxonomy":"product_brand","embeddable":true,"href":"https:\/\/joyasnehgne.cl\/wp3\/wp-json\/wp\/v2\/product_brand?post=668"},{"taxonomy":"product_cat","embeddable":true,"href":"https:\/\/joyasnehgne.cl\/wp3\/wp-json\/wp\/v2\/product_cat?post=668"},{"taxonomy":"product_tag","embeddable":true,"href":"https:\/\/joyasnehgne.cl\/wp3\/wp-json\/wp\/v2\/product_tag?post=668"}],"curies":[{"name":"wp","href":"https:\/\/api.w.org\/{rel}","templated":true}]}}