{"id":608,"date":"2025-02-18T00:35:49","date_gmt":"2025-02-18T00:35:49","guid":{"rendered":"https:\/\/joyasnehgne.cl\/wp3\/?post_type=product&#038;p=608"},"modified":"2026-01-25T23:59:34","modified_gmt":"2026-01-25T23:59:34","slug":"anillo-de-plata-vi009","status":"publish","type":"product","link":"https:\/\/joyasnehgne.cl\/wp3\/product\/anillo-de-plata-vi009\/","title":{"rendered":"ANILLO DE PLATA VI009"},"content":{"rendered":"<p>Anillo de Plata 950\u00a0 100% con circ\u00f3n Marr\u00f3n Tipo topacio<\/p>\n<p>Modelo cuadrado<\/p>\n<p>Hecho a mano<\/p>\n<p>Por mujeres Chilenas<\/p>\n<p>Peso 9,60 gramos aproximadamente<\/p>\n<p>Tama\u00f1o frente anillo 1,2 x 1,1 CM<\/p>\n<p>Tama\u00f1o disponible 15 , se hacen en todas las medidas, tiempo de confecci\u00f3n 5 d\u00edas h\u00e1biles.<\/p>\n<p>Enviamos a todo Chile, Tambi\u00e9n se puede retirar desde nuestro Showroom ubicado en Providencia, cercan\u00eda de estaci\u00f3n metro Pedro de Valdivia, previa cita<\/p>\n<p>al +56992201582<\/p>\n","protected":false},"excerpt":{"rendered":"<p>Anillo de Plata 950\u00a0 100% con circ\u00f3n Marr\u00f3n Tipo topacio Modelo cuadrado Hecho a mano Por mujeres Chilenas Peso 9,60 gramos aproximadamente Tama\u00f1o frente anillo 1,2 x 1,1 CM Tama\u00f1o disponible 15 , se hacen en todas las medidas, tiempo de confecci\u00f3n 5 d\u00edas h\u00e1biles. Enviamos a todo Chile, Tambi\u00e9n se puede retirar desde nuestro [&hellip;]<\/p>\n","protected":false},"featured_media":609,"template":"","meta":{"pagelayer_contact_templates":[],"_pagelayer_content":""},"product_brand":[],"product_cat":[18,17],"product_tag":[],"class_list":{"0":"post-608","1":"product","2":"type-product","3":"status-publish","4":"has-post-thumbnail","6":"product_cat-anillosdeplata","7":"product_cat-joyasdeplata","9":"first","10":"instock","11":"shipping-taxable","12":"purchasable","13":"product-type-simple"},"_links":{"self":[{"href":"https:\/\/joyasnehgne.cl\/wp3\/wp-json\/wp\/v2\/product\/608","targetHints":{"allow":["GET"]}}],"collection":[{"href":"https:\/\/joyasnehgne.cl\/wp3\/wp-json\/wp\/v2\/product"}],"about":[{"href":"https:\/\/joyasnehgne.cl\/wp3\/wp-json\/wp\/v2\/types\/product"}],"wp:featuredmedia":[{"embeddable":true,"href":"https:\/\/joyasnehgne.cl\/wp3\/wp-json\/wp\/v2\/media\/609"}],"wp:attachment":[{"href":"https:\/\/joyasnehgne.cl\/wp3\/wp-json\/wp\/v2\/media?parent=608"}],"wp:term":[{"taxonomy":"product_brand","embeddable":true,"href":"https:\/\/joyasnehgne.cl\/wp3\/wp-json\/wp\/v2\/product_brand?post=608"},{"taxonomy":"product_cat","embeddable":true,"href":"https:\/\/joyasnehgne.cl\/wp3\/wp-json\/wp\/v2\/product_cat?post=608"},{"taxonomy":"product_tag","embeddable":true,"href":"https:\/\/joyasnehgne.cl\/wp3\/wp-json\/wp\/v2\/product_tag?post=608"}],"curies":[{"name":"wp","href":"https:\/\/api.w.org\/{rel}","templated":true}]}}