{"id":603,"date":"2025-02-17T23:36:50","date_gmt":"2025-02-17T23:36:50","guid":{"rendered":"https:\/\/joyasnehgne.cl\/wp3\/?post_type=product&#038;p=603"},"modified":"2026-01-25T23:59:51","modified_gmt":"2026-01-25T23:59:51","slug":"anillo-de-plata-vi033","status":"publish","type":"product","link":"https:\/\/joyasnehgne.cl\/wp3\/product\/anillo-de-plata-vi033\/","title":{"rendered":"ANILLO DE PLATA VI033"},"content":{"rendered":"<p>Anillo de plata 100% de 950 Con Raiz de Rub\u00ed Natural<\/p>\n<p>Modelo Rub\u00ed oval<\/p>\n<p>Hecho a mano<\/p>\n<p>Por mujeres Chilenas<\/p>\n<p>Peso 7,35 gramos aproximadamente<\/p>\n<p>Tama\u00f1o frente anillo 1,9&#215;1,4 CM<\/p>\n<p>Tama\u00f1o disponible 17, se hacen en todas las medidas, tiempo de confecci\u00f3n 5 d\u00edas h\u00e1biles.<\/p>\n<p>Enviamos a todo Chile, Tambi\u00e9n se puede retirar desde nuestro Showroom ubicado en Providencia, cercan\u00eda de estaci\u00f3n metro Pedro de Valdivia, previa cita<\/p>\n<p>al +56992201582<\/p>\n","protected":false},"excerpt":{"rendered":"<p>Anillo de plata 100% de 950 Con Raiz de Rub\u00ed Natural Modelo Rub\u00ed oval Hecho a mano Por mujeres Chilenas Peso 7,35 gramos aproximadamente Tama\u00f1o frente anillo 1,9&#215;1,4 CM Tama\u00f1o disponible 17, se hacen en todas las medidas, tiempo de confecci\u00f3n 5 d\u00edas h\u00e1biles. Enviamos a todo Chile, Tambi\u00e9n se puede retirar desde nuestro Showroom [&hellip;]<\/p>\n","protected":false},"featured_media":604,"template":"","meta":{"pagelayer_contact_templates":[],"_pagelayer_content":""},"product_brand":[],"product_cat":[18,17],"product_tag":[],"class_list":{"0":"post-603","1":"product","2":"type-product","3":"status-publish","4":"has-post-thumbnail","6":"product_cat-anillosdeplata","7":"product_cat-joyasdeplata","9":"first","10":"instock","11":"shipping-taxable","12":"purchasable","13":"product-type-simple"},"_links":{"self":[{"href":"https:\/\/joyasnehgne.cl\/wp3\/wp-json\/wp\/v2\/product\/603","targetHints":{"allow":["GET"]}}],"collection":[{"href":"https:\/\/joyasnehgne.cl\/wp3\/wp-json\/wp\/v2\/product"}],"about":[{"href":"https:\/\/joyasnehgne.cl\/wp3\/wp-json\/wp\/v2\/types\/product"}],"wp:featuredmedia":[{"embeddable":true,"href":"https:\/\/joyasnehgne.cl\/wp3\/wp-json\/wp\/v2\/media\/604"}],"wp:attachment":[{"href":"https:\/\/joyasnehgne.cl\/wp3\/wp-json\/wp\/v2\/media?parent=603"}],"wp:term":[{"taxonomy":"product_brand","embeddable":true,"href":"https:\/\/joyasnehgne.cl\/wp3\/wp-json\/wp\/v2\/product_brand?post=603"},{"taxonomy":"product_cat","embeddable":true,"href":"https:\/\/joyasnehgne.cl\/wp3\/wp-json\/wp\/v2\/product_cat?post=603"},{"taxonomy":"product_tag","embeddable":true,"href":"https:\/\/joyasnehgne.cl\/wp3\/wp-json\/wp\/v2\/product_tag?post=603"}],"curies":[{"name":"wp","href":"https:\/\/api.w.org\/{rel}","templated":true}]}}