{"id":577,"date":"2025-02-17T14:12:46","date_gmt":"2025-02-17T14:12:46","guid":{"rendered":"https:\/\/joyasnehgne.cl\/wp3\/?post_type=product&#038;p=577"},"modified":"2026-01-26T00:00:55","modified_gmt":"2026-01-26T00:00:55","slug":"aros-de-plata-ap042","status":"publish","type":"product","link":"https:\/\/joyasnehgne.cl\/wp3\/product\/aros-de-plata-ap042\/","title":{"rendered":"AROS DE PLATA AP042"},"content":{"rendered":"<p>Aros de plata 925<\/p>\n<p>Procedencia Italiana<\/p>\n<p>Tama\u00f1o estrella 5 CM<\/p>\n<p>peso 3 gramos aproximadamente<\/p>\n<p>enviamos a todo Chile, si es dentro de Santiago tiempo de demora 2 d\u00edas h\u00e1biles.<\/p>\n<p>o Tambi\u00e9n puedes venir a retirar a nuestras oficinas ubicadas en Providencia, cercanas a estaci\u00f3n de metro Pedro de Valdivia, previa cita al +56992201582<\/p>\n","protected":false},"excerpt":{"rendered":"<p>Aros de plata 925 Procedencia Italiana Tama\u00f1o estrella 5 CM peso 3 gramos aproximadamente enviamos a todo Chile, si es dentro de Santiago tiempo de demora 2 d\u00edas h\u00e1biles. o Tambi\u00e9n puedes venir a retirar a nuestras oficinas ubicadas en Providencia, cercanas a estaci\u00f3n de metro Pedro de Valdivia, previa cita al +56992201582<\/p>\n","protected":false},"featured_media":578,"template":"","meta":{"pagelayer_contact_templates":[],"_pagelayer_content":""},"product_brand":[],"product_cat":[20,17],"product_tag":[],"class_list":{"0":"post-577","1":"product","2":"type-product","3":"status-publish","4":"has-post-thumbnail","6":"product_cat-arosdeplata","7":"product_cat-joyasdeplata","9":"first","10":"instock","11":"shipping-taxable","12":"purchasable","13":"product-type-simple"},"_links":{"self":[{"href":"https:\/\/joyasnehgne.cl\/wp3\/wp-json\/wp\/v2\/product\/577","targetHints":{"allow":["GET"]}}],"collection":[{"href":"https:\/\/joyasnehgne.cl\/wp3\/wp-json\/wp\/v2\/product"}],"about":[{"href":"https:\/\/joyasnehgne.cl\/wp3\/wp-json\/wp\/v2\/types\/product"}],"wp:featuredmedia":[{"embeddable":true,"href":"https:\/\/joyasnehgne.cl\/wp3\/wp-json\/wp\/v2\/media\/578"}],"wp:attachment":[{"href":"https:\/\/joyasnehgne.cl\/wp3\/wp-json\/wp\/v2\/media?parent=577"}],"wp:term":[{"taxonomy":"product_brand","embeddable":true,"href":"https:\/\/joyasnehgne.cl\/wp3\/wp-json\/wp\/v2\/product_brand?post=577"},{"taxonomy":"product_cat","embeddable":true,"href":"https:\/\/joyasnehgne.cl\/wp3\/wp-json\/wp\/v2\/product_cat?post=577"},{"taxonomy":"product_tag","embeddable":true,"href":"https:\/\/joyasnehgne.cl\/wp3\/wp-json\/wp\/v2\/product_tag?post=577"}],"curies":[{"name":"wp","href":"https:\/\/api.w.org\/{rel}","templated":true}]}}