{"id":563,"date":"2025-02-17T13:02:27","date_gmt":"2025-02-17T13:02:27","guid":{"rendered":"https:\/\/joyasnehgne.cl\/wp3\/?post_type=product&#038;p=563"},"modified":"2026-01-26T00:01:25","modified_gmt":"2026-01-26T00:01:25","slug":"aros-de-plata-ap040","status":"publish","type":"product","link":"https:\/\/joyasnehgne.cl\/wp3\/product\/aros-de-plata-ap040\/","title":{"rendered":"AROS DE PLATA AP040"},"content":{"rendered":"<p>Aros de plata 925<\/p>\n<p>Modelo Bolitas<\/p>\n<p>Procedencia Italiana<\/p>\n<p>Peso 2,3 gramos aproximados<\/p>\n<p>Tama\u00f1o argolla 1,7CM\u00a0 de di\u00e1metro<\/p>\n<p>Enviamos a todo Chile, si es dentro de Santiago tiempo de envi\u00f3 2 d\u00edas h\u00e1biles, tambi\u00e9n nos puedes visitar o retirar tu compra en nuestro showroom ubicado en Providencia, previa<\/p>\n<p>cita al +56992201582<\/p>\n","protected":false},"excerpt":{"rendered":"<p>Aros de plata 925 Modelo Bolitas Procedencia Italiana Peso 2,3 gramos aproximados Tama\u00f1o argolla 1,7CM\u00a0 de di\u00e1metro Enviamos a todo Chile, si es dentro de Santiago tiempo de envi\u00f3 2 d\u00edas h\u00e1biles, tambi\u00e9n nos puedes visitar o retirar tu compra en nuestro showroom ubicado en Providencia, previa cita al +56992201582<\/p>\n","protected":false},"featured_media":564,"template":"","meta":{"pagelayer_contact_templates":[],"_pagelayer_content":""},"product_brand":[],"product_cat":[15,20,17],"product_tag":[],"class_list":{"0":"post-563","1":"product","2":"type-product","3":"status-publish","4":"has-post-thumbnail","6":"product_cat-uncategorized","7":"product_cat-arosdeplata","8":"product_cat-joyasdeplata","10":"first","11":"instock","12":"shipping-taxable","13":"purchasable","14":"product-type-simple"},"_links":{"self":[{"href":"https:\/\/joyasnehgne.cl\/wp3\/wp-json\/wp\/v2\/product\/563","targetHints":{"allow":["GET"]}}],"collection":[{"href":"https:\/\/joyasnehgne.cl\/wp3\/wp-json\/wp\/v2\/product"}],"about":[{"href":"https:\/\/joyasnehgne.cl\/wp3\/wp-json\/wp\/v2\/types\/product"}],"wp:featuredmedia":[{"embeddable":true,"href":"https:\/\/joyasnehgne.cl\/wp3\/wp-json\/wp\/v2\/media\/564"}],"wp:attachment":[{"href":"https:\/\/joyasnehgne.cl\/wp3\/wp-json\/wp\/v2\/media?parent=563"}],"wp:term":[{"taxonomy":"product_brand","embeddable":true,"href":"https:\/\/joyasnehgne.cl\/wp3\/wp-json\/wp\/v2\/product_brand?post=563"},{"taxonomy":"product_cat","embeddable":true,"href":"https:\/\/joyasnehgne.cl\/wp3\/wp-json\/wp\/v2\/product_cat?post=563"},{"taxonomy":"product_tag","embeddable":true,"href":"https:\/\/joyasnehgne.cl\/wp3\/wp-json\/wp\/v2\/product_tag?post=563"}],"curies":[{"name":"wp","href":"https:\/\/api.w.org\/{rel}","templated":true}]}}