{"id":520,"date":"2025-02-16T18:47:31","date_gmt":"2025-02-16T18:47:31","guid":{"rendered":"https:\/\/joyasnehgne.cl\/wp3\/?post_type=product&#038;p=520"},"modified":"2026-01-26T00:03:43","modified_gmt":"2026-01-26T00:03:43","slug":"collar-de-plata-ccp134","status":"publish","type":"product","link":"https:\/\/joyasnehgne.cl\/wp3\/product\/collar-de-plata-ccp134\/","title":{"rendered":"COLLAR DE PLATA CCP134"},"content":{"rendered":"<p>Collar de plata 950, con bolas de plata enlazados en forma ascendentes y con cadena de plata.<\/p>\n<p>Hecho a mano<\/p>\n<p>Por mujeres Chilenas<\/p>\n<p>Largo 45 CM<\/p>\n<p>Peso 27 gramos aproximadamente<\/p>\n<p>Enviamos a todo Chile, si fuera envi\u00f3 dentro de Santiago envi\u00f3 demora 2 d\u00edas h\u00e1biles.<\/p>\n<p>Tambi\u00e9n puedes retirarlo en nuestro Showroom ubicado en Providencia, a un costado del Metro Pedro de Valdivia, previa cita al +56992201582<\/p>\n","protected":false},"excerpt":{"rendered":"<p>Collar de plata 950, con bolas de plata enlazados en forma ascendentes y con cadena de plata. Hecho a mano Por mujeres Chilenas Largo 45 CM Peso 27 gramos aproximadamente Enviamos a todo Chile, si fuera envi\u00f3 dentro de Santiago envi\u00f3 demora 2 d\u00edas h\u00e1biles. Tambi\u00e9n puedes retirarlo en nuestro Showroom ubicado en Providencia, a [&hellip;]<\/p>\n","protected":false},"featured_media":521,"template":"","meta":{"pagelayer_contact_templates":[],"_pagelayer_content":""},"product_brand":[],"product_cat":[50,17],"product_tag":[],"class_list":{"0":"post-520","1":"product","2":"type-product","3":"status-publish","4":"has-post-thumbnail","6":"product_cat-collaresdeplata","7":"product_cat-joyasdeplata","9":"first","10":"instock","11":"shipping-taxable","12":"purchasable","13":"product-type-simple"},"_links":{"self":[{"href":"https:\/\/joyasnehgne.cl\/wp3\/wp-json\/wp\/v2\/product\/520","targetHints":{"allow":["GET"]}}],"collection":[{"href":"https:\/\/joyasnehgne.cl\/wp3\/wp-json\/wp\/v2\/product"}],"about":[{"href":"https:\/\/joyasnehgne.cl\/wp3\/wp-json\/wp\/v2\/types\/product"}],"wp:featuredmedia":[{"embeddable":true,"href":"https:\/\/joyasnehgne.cl\/wp3\/wp-json\/wp\/v2\/media\/521"}],"wp:attachment":[{"href":"https:\/\/joyasnehgne.cl\/wp3\/wp-json\/wp\/v2\/media?parent=520"}],"wp:term":[{"taxonomy":"product_brand","embeddable":true,"href":"https:\/\/joyasnehgne.cl\/wp3\/wp-json\/wp\/v2\/product_brand?post=520"},{"taxonomy":"product_cat","embeddable":true,"href":"https:\/\/joyasnehgne.cl\/wp3\/wp-json\/wp\/v2\/product_cat?post=520"},{"taxonomy":"product_tag","embeddable":true,"href":"https:\/\/joyasnehgne.cl\/wp3\/wp-json\/wp\/v2\/product_tag?post=520"}],"curies":[{"name":"wp","href":"https:\/\/api.w.org\/{rel}","templated":true}]}}