{"id":472,"date":"2025-02-15T21:17:56","date_gmt":"2025-02-15T21:17:56","guid":{"rendered":"https:\/\/joyasnehgne.cl\/wp3\/?post_type=product&#038;p=472"},"modified":"2026-03-04T15:05:22","modified_gmt":"2026-03-04T15:05:22","slug":"cadena-de-oro-cdo025","status":"publish","type":"product","link":"https:\/\/joyasnehgne.cl\/wp3\/product\/cadena-de-oro-cdo025\/","title":{"rendered":"CADENA DE ORO  CDO025"},"content":{"rendered":"<p>Cadena de oro 18 quilates<\/p>\n<p>Modelo Turbillon delgado<\/p>\n<p>Largo 50CM<\/p>\n<p>Peso 1,5 gramos aproximado<\/p>\n<p>Procedencia Italia.<\/p>\n<p>Enviamos a todo Chile, si estas dentro de Santiago envi\u00f3 e 2 d\u00edas h\u00e1biles<\/p>\n<p>o Tambi\u00e9n Puedes retirarlo desde nuestro showroom ubicado en Providencia, cercan\u00eda Metro Pedro de Valdivia, previa cita al +56992201582<\/p>\n","protected":false},"excerpt":{"rendered":"<p>Cadena de oro 18 quilates Modelo Turbillon delgado Largo 50CM Peso 1,5 gramos aproximado Procedencia Italia. Enviamos a todo Chile, si estas dentro de Santiago envi\u00f3 e 2 d\u00edas h\u00e1biles o Tambi\u00e9n Puedes retirarlo desde nuestro showroom ubicado en Providencia, cercan\u00eda Metro Pedro de Valdivia, previa cita al +56992201582<\/p>\n","protected":false},"featured_media":473,"template":"","meta":{"pagelayer_contact_templates":[],"_pagelayer_content":""},"product_brand":[],"product_cat":[29,24],"product_tag":[],"class_list":{"0":"post-472","1":"product","2":"type-product","3":"status-publish","4":"has-post-thumbnail","6":"product_cat-cadenas-de-oro","7":"product_cat-joyasdeoro","9":"first","10":"instock","11":"shipping-taxable","12":"purchasable","13":"product-type-simple"},"_links":{"self":[{"href":"https:\/\/joyasnehgne.cl\/wp3\/wp-json\/wp\/v2\/product\/472","targetHints":{"allow":["GET"]}}],"collection":[{"href":"https:\/\/joyasnehgne.cl\/wp3\/wp-json\/wp\/v2\/product"}],"about":[{"href":"https:\/\/joyasnehgne.cl\/wp3\/wp-json\/wp\/v2\/types\/product"}],"wp:featuredmedia":[{"embeddable":true,"href":"https:\/\/joyasnehgne.cl\/wp3\/wp-json\/wp\/v2\/media\/473"}],"wp:attachment":[{"href":"https:\/\/joyasnehgne.cl\/wp3\/wp-json\/wp\/v2\/media?parent=472"}],"wp:term":[{"taxonomy":"product_brand","embeddable":true,"href":"https:\/\/joyasnehgne.cl\/wp3\/wp-json\/wp\/v2\/product_brand?post=472"},{"taxonomy":"product_cat","embeddable":true,"href":"https:\/\/joyasnehgne.cl\/wp3\/wp-json\/wp\/v2\/product_cat?post=472"},{"taxonomy":"product_tag","embeddable":true,"href":"https:\/\/joyasnehgne.cl\/wp3\/wp-json\/wp\/v2\/product_tag?post=472"}],"curies":[{"name":"wp","href":"https:\/\/api.w.org\/{rel}","templated":true}]}}