{"id":399,"date":"2025-02-10T20:17:42","date_gmt":"2025-02-10T20:17:42","guid":{"rendered":"https:\/\/joyasnehgne.cl\/wp3\/wp2\/?post_type=product&#038;p=399"},"modified":"2025-02-10T20:17:42","modified_gmt":"2025-02-10T20:17:42","slug":"collar-de-plata-950-cvo16","status":"publish","type":"product","link":"https:\/\/joyasnehgne.cl\/wp3\/product\/collar-de-plata-950-cvo16\/","title":{"rendered":"Collar de plata 950 CVO16"},"content":{"rendered":"<div dir=\"auto\">C\u00f3digo CV016<\/div>\n<div dir=\"auto\">Collar de plata 950<\/div>\n<div dir=\"auto\">Modelo coraz\u00f3n de pluma<\/div>\n<div dir=\"auto\">Hecho a mano<\/div>\n<div dir=\"auto\">En Chile<\/div>\n<div dir=\"auto\">Largo collar 40 CM<\/div>\n<div dir=\"auto\">Tama\u00f1o coraz\u00f3n 2,4&#215;1,4 CM<\/div>\n<div dir=\"auto\">Valor $28.000<\/div>\n<div dir=\"auto\">Enviamos a todo Chile<\/div>\n<div dir=\"auto\">O puedes retirarlo desde nuestro Showroom ubicado en Providencia previa cita al\u00a0<img loading=\"lazy\" decoding=\"async\" class=\"an1\" draggable=\"false\" src=\"https:\/\/fonts.gstatic.com\/s\/e\/notoemoji\/16.0\/260e_fe0f\/72.png\" alt=\"\u260e\ufe0f\" width=\"13\" height=\"13\" data-emoji=\"\u260e\ufe0f\" aria-label=\"\u260e\ufe0f\" \/>56992201582<\/div>\n","protected":false},"excerpt":{"rendered":"<p>C\u00f3digo CV016 Collar de plata 950 Modelo coraz\u00f3n de pluma Hecho a mano En Chile Largo collar 40 CM Tama\u00f1o coraz\u00f3n 2,4&#215;1,4 CM Valor $28.000 Enviamos a todo Chile O puedes retirarlo desde nuestro Showroom ubicado en Providencia previa cita al\u00a056992201582<\/p>\n","protected":false},"featured_media":411,"template":"","meta":{"pagelayer_contact_templates":[],"_pagelayer_content":""},"product_brand":[],"product_cat":[50,17],"product_tag":[],"class_list":{"0":"post-399","1":"product","2":"type-product","3":"status-publish","4":"has-post-thumbnail","6":"product_cat-collaresdeplata","7":"product_cat-joyasdeplata","9":"first","10":"instock","11":"shipping-taxable","12":"purchasable","13":"product-type-simple"},"_links":{"self":[{"href":"https:\/\/joyasnehgne.cl\/wp3\/wp-json\/wp\/v2\/product\/399","targetHints":{"allow":["GET"]}}],"collection":[{"href":"https:\/\/joyasnehgne.cl\/wp3\/wp-json\/wp\/v2\/product"}],"about":[{"href":"https:\/\/joyasnehgne.cl\/wp3\/wp-json\/wp\/v2\/types\/product"}],"wp:featuredmedia":[{"embeddable":true,"href":"https:\/\/joyasnehgne.cl\/wp3\/wp-json\/wp\/v2\/media\/411"}],"wp:attachment":[{"href":"https:\/\/joyasnehgne.cl\/wp3\/wp-json\/wp\/v2\/media?parent=399"}],"wp:term":[{"taxonomy":"product_brand","embeddable":true,"href":"https:\/\/joyasnehgne.cl\/wp3\/wp-json\/wp\/v2\/product_brand?post=399"},{"taxonomy":"product_cat","embeddable":true,"href":"https:\/\/joyasnehgne.cl\/wp3\/wp-json\/wp\/v2\/product_cat?post=399"},{"taxonomy":"product_tag","embeddable":true,"href":"https:\/\/joyasnehgne.cl\/wp3\/wp-json\/wp\/v2\/product_tag?post=399"}],"curies":[{"name":"wp","href":"https:\/\/api.w.org\/{rel}","templated":true}]}}