{"id":227,"date":"2025-02-09T20:02:05","date_gmt":"2025-02-09T20:02:05","guid":{"rendered":"https:\/\/joyasnehgne.cl\/wp3\/wp2\/?post_type=product&#038;p=227"},"modified":"2026-02-20T19:46:28","modified_gmt":"2026-02-20T19:46:28","slug":"aros-oro-co003","status":"publish","type":"product","link":"https:\/\/joyasnehgne.cl\/wp3\/product\/aros-oro-co003\/","title":{"rendered":"Aros oro CO003"},"content":{"rendered":"<div dir=\"auto\">Elegantes y cl\u00e1sicos aros<\/div>\n<div dir=\"auto\">C\u00f3digo CO003<\/div>\n<div dir=\"auto\">Aros oro 18 quilates y perla cultivada<\/div>\n<div dir=\"auto\">Tama\u00f1o perla 7MM<\/div>\n<div dir=\"auto\">Peso 1,8 gramos Aprox<\/div>\n<div dir=\"auto\">Precio $380.000<\/div>\n<div dir=\"auto\">Envios a todo Chile o retiros en Showroom ubicados en Providencia<\/div>\n<div dir=\"auto\">Previa cita al +56992201582<\/div>\n","protected":false},"excerpt":{"rendered":"<p>Elegantes y cl\u00e1sicos aros C\u00f3digo CO003 Aros oro 18 quilates y perla cultivada Tama\u00f1o perla 7MM Peso 1,8 gramos Aprox Precio $380.000 Envios a todo Chile o retiros en Showroom ubicados en Providencia Previa cita al +56992201582<\/p>\n","protected":false},"featured_media":238,"template":"","meta":{"pagelayer_contact_templates":[],"_pagelayer_content":""},"product_brand":[],"product_cat":[31,24],"product_tag":[52,51],"class_list":{"0":"post-227","1":"product","2":"type-product","3":"status-publish","4":"has-post-thumbnail","6":"product_cat-arosdeoro","7":"product_cat-joyasdeoro","8":"product_tag-aros","9":"product_tag-oro","11":"first","12":"instock","13":"shipping-taxable","14":"purchasable","15":"product-type-simple"},"_links":{"self":[{"href":"https:\/\/joyasnehgne.cl\/wp3\/wp-json\/wp\/v2\/product\/227","targetHints":{"allow":["GET"]}}],"collection":[{"href":"https:\/\/joyasnehgne.cl\/wp3\/wp-json\/wp\/v2\/product"}],"about":[{"href":"https:\/\/joyasnehgne.cl\/wp3\/wp-json\/wp\/v2\/types\/product"}],"wp:featuredmedia":[{"embeddable":true,"href":"https:\/\/joyasnehgne.cl\/wp3\/wp-json\/wp\/v2\/media\/238"}],"wp:attachment":[{"href":"https:\/\/joyasnehgne.cl\/wp3\/wp-json\/wp\/v2\/media?parent=227"}],"wp:term":[{"taxonomy":"product_brand","embeddable":true,"href":"https:\/\/joyasnehgne.cl\/wp3\/wp-json\/wp\/v2\/product_brand?post=227"},{"taxonomy":"product_cat","embeddable":true,"href":"https:\/\/joyasnehgne.cl\/wp3\/wp-json\/wp\/v2\/product_cat?post=227"},{"taxonomy":"product_tag","embeddable":true,"href":"https:\/\/joyasnehgne.cl\/wp3\/wp-json\/wp\/v2\/product_tag?post=227"}],"curies":[{"name":"wp","href":"https:\/\/api.w.org\/{rel}","templated":true}]}}