{"id":2141,"date":"2026-05-07T23:00:47","date_gmt":"2026-05-07T23:00:47","guid":{"rendered":"https:\/\/joyasnehgne.cl\/wp3\/?post_type=product&#038;p=2141"},"modified":"2026-05-07T23:00:48","modified_gmt":"2026-05-07T23:00:48","slug":"aros-de-plata-arp222","status":"publish","type":"product","link":"https:\/\/joyasnehgne.cl\/wp3\/product\/aros-de-plata-arp222\/","title":{"rendered":"AROS DE PLATA ARP222"},"content":{"rendered":"<p>Modernos aros de plata 950<\/p>\n<p>Hechos A mano, se personaliza<\/p>\n<p>Disponibles<\/p>\n<p>Peso 8,5 gramos aprox.<\/p>\n<p>Tama\u00f1o 17 MM de di\u00e1metro<\/p>\n<p>Se entrega con caja, bolsa y pa\u00f1o de limpieza<\/p>\n<p>Env\u00edos a todo Chile o nos puedes visitar en nuestro showroom ubicado en Providencia, previa cita al +56992201582<\/p>\n","protected":false},"excerpt":{"rendered":"<p>Modernos aros de plata 950 Hechos A mano, se personaliza Disponibles Peso 8,5 gramos aprox. Tama\u00f1o 17 MM de di\u00e1metro Se entrega con caja, bolsa y pa\u00f1o de limpieza Env\u00edos a todo Chile o nos puedes visitar en nuestro showroom ubicado en Providencia, previa cita al +56992201582<\/p>\n","protected":false},"featured_media":2142,"template":"","meta":{"pagelayer_contact_templates":[],"_pagelayer_content":""},"product_brand":[],"product_cat":[20,17],"product_tag":[],"class_list":{"0":"post-2141","1":"product","2":"type-product","3":"status-publish","4":"has-post-thumbnail","6":"product_cat-arosdeplata","7":"product_cat-joyasdeplata","9":"first","10":"instock","11":"shipping-taxable","12":"purchasable","13":"product-type-simple"},"_links":{"self":[{"href":"https:\/\/joyasnehgne.cl\/wp3\/wp-json\/wp\/v2\/product\/2141","targetHints":{"allow":["GET"]}}],"collection":[{"href":"https:\/\/joyasnehgne.cl\/wp3\/wp-json\/wp\/v2\/product"}],"about":[{"href":"https:\/\/joyasnehgne.cl\/wp3\/wp-json\/wp\/v2\/types\/product"}],"wp:featuredmedia":[{"embeddable":true,"href":"https:\/\/joyasnehgne.cl\/wp3\/wp-json\/wp\/v2\/media\/2142"}],"wp:attachment":[{"href":"https:\/\/joyasnehgne.cl\/wp3\/wp-json\/wp\/v2\/media?parent=2141"}],"wp:term":[{"taxonomy":"product_brand","embeddable":true,"href":"https:\/\/joyasnehgne.cl\/wp3\/wp-json\/wp\/v2\/product_brand?post=2141"},{"taxonomy":"product_cat","embeddable":true,"href":"https:\/\/joyasnehgne.cl\/wp3\/wp-json\/wp\/v2\/product_cat?post=2141"},{"taxonomy":"product_tag","embeddable":true,"href":"https:\/\/joyasnehgne.cl\/wp3\/wp-json\/wp\/v2\/product_tag?post=2141"}],"curies":[{"name":"wp","href":"https:\/\/api.w.org\/{rel}","templated":true}]}}