{"id":2094,"date":"2026-03-23T14:20:52","date_gmt":"2026-03-23T14:20:52","guid":{"rendered":"https:\/\/joyasnehgne.cl\/wp3\/?post_type=product&#038;p=2094"},"modified":"2026-03-23T14:20:52","modified_gmt":"2026-03-23T14:20:52","slug":"anillo-de-plata-ap198","status":"publish","type":"product","link":"https:\/\/joyasnehgne.cl\/wp3\/product\/anillo-de-plata-ap198\/","title":{"rendered":"ANILLO DE PLATA AP198"},"content":{"rendered":"<p>Anillo de plata 950 y \u00f3nix verde natural<\/p>\n<p>Hecho a mano por orfebres Chilenas<\/p>\n<p>Tama\u00f1o piedra 1,9x 1,0MM Aproximado<\/p>\n<p>Peso 5 gramos aproximado<\/p>\n<p>Se personaliza y disponible en tama\u00f1o N\u00b015<\/p>\n<p>Env\u00edos a todo Chile o puedes visitarnos previa cita al +56992201582<\/p>\n<p>Sabias que el \u00d3nix Verde:<\/p>\n<ul>\n<li><b>Protecci\u00f3n<\/b>:\u00a0El \u00f3nix verde se considera una piedra protectora que repele las energ\u00edas negativas y las entidades maliciosas. Se cree que crea un escudo alrededor del aura, protegiendo al portador de la negatividad y el mal.<\/li>\n<li><b>Fortaleza<\/b>:\u00a0Esta piedra se asocia con la fuerza y la resistencia. Se dice que aumenta la confianza en uno mismo y el valor, ayudando a superar desaf\u00edos y obst\u00e1culos.<\/li>\n<li><b>Abundancia<\/b>:\u00a0El \u00f3nix verde tambi\u00e9n se conoce como la piedra de la abundancia. Se cree que atrae la prosperidad y la riqueza, tanto material como espiritual.<\/li>\n<li><b>Suerte<\/b>:\u00a0Esta piedra se asocia con la buena suerte y la fortuna. Se dice que aumenta las posibilidades de \u00e9xito en todos los aspectos de la vida.<\/li>\n<\/ul>\n","protected":false},"excerpt":{"rendered":"<p>Anillo de plata 950 y \u00f3nix verde natural Hecho a mano por orfebres Chilenas Tama\u00f1o piedra 1,9x 1,0MM Aproximado Peso 5 gramos aproximado Se personaliza y disponible en tama\u00f1o N\u00b015 Env\u00edos a todo Chile o puedes visitarnos previa cita al +56992201582 Sabias que el \u00d3nix Verde: Protecci\u00f3n:\u00a0El \u00f3nix verde se considera una piedra protectora que [&hellip;]<\/p>\n","protected":false},"featured_media":2096,"template":"","meta":{"pagelayer_contact_templates":[],"_pagelayer_content":""},"product_brand":[],"product_cat":[18,33,32,17],"product_tag":[],"class_list":{"0":"post-2094","1":"product","2":"type-product","3":"status-publish","4":"has-post-thumbnail","6":"product_cat-anillosdeplata","7":"product_cat-anillosdepiedras","8":"product_cat-joyasdepiedras","9":"product_cat-joyasdeplata","11":"first","12":"instock","13":"shipping-taxable","14":"purchasable","15":"product-type-simple"},"_links":{"self":[{"href":"https:\/\/joyasnehgne.cl\/wp3\/wp-json\/wp\/v2\/product\/2094","targetHints":{"allow":["GET"]}}],"collection":[{"href":"https:\/\/joyasnehgne.cl\/wp3\/wp-json\/wp\/v2\/product"}],"about":[{"href":"https:\/\/joyasnehgne.cl\/wp3\/wp-json\/wp\/v2\/types\/product"}],"wp:featuredmedia":[{"embeddable":true,"href":"https:\/\/joyasnehgne.cl\/wp3\/wp-json\/wp\/v2\/media\/2096"}],"wp:attachment":[{"href":"https:\/\/joyasnehgne.cl\/wp3\/wp-json\/wp\/v2\/media?parent=2094"}],"wp:term":[{"taxonomy":"product_brand","embeddable":true,"href":"https:\/\/joyasnehgne.cl\/wp3\/wp-json\/wp\/v2\/product_brand?post=2094"},{"taxonomy":"product_cat","embeddable":true,"href":"https:\/\/joyasnehgne.cl\/wp3\/wp-json\/wp\/v2\/product_cat?post=2094"},{"taxonomy":"product_tag","embeddable":true,"href":"https:\/\/joyasnehgne.cl\/wp3\/wp-json\/wp\/v2\/product_tag?post=2094"}],"curies":[{"name":"wp","href":"https:\/\/api.w.org\/{rel}","templated":true}]}}