{"id":2089,"date":"2026-03-16T20:59:03","date_gmt":"2026-03-16T20:59:03","guid":{"rendered":"https:\/\/joyasnehgne.cl\/wp3\/?post_type=product&#038;p=2089"},"modified":"2026-03-16T20:59:04","modified_gmt":"2026-03-16T20:59:04","slug":"aros-de-plata-arp218","status":"publish","type":"product","link":"https:\/\/joyasnehgne.cl\/wp3\/product\/aros-de-plata-arp218\/","title":{"rendered":"AROS DE PLATA ARP218"},"content":{"rendered":"<p>Elegantes Aros de plata 925 y perlas de rio natural<\/p>\n<p>Tama\u00f1o de perla de 1,2 CM de di\u00e1metro<\/p>\n<p>Tuerca tipo mariposa<\/p>\n<p>Ideal para lucirlo todos los d\u00edas<\/p>\n<p>Env\u00edos a todo Chile o puedes visitar previa cita al +56992201582<\/p>\n","protected":false},"excerpt":{"rendered":"<p>Elegantes Aros de plata 925 y perlas de rio natural Tama\u00f1o de perla de 1,2 CM de di\u00e1metro Tuerca tipo mariposa Ideal para lucirlo todos los d\u00edas Env\u00edos a todo Chile o puedes visitar previa cita al +56992201582<\/p>\n","protected":false},"featured_media":2090,"template":"","meta":{"pagelayer_contact_templates":[],"_pagelayer_content":""},"product_brand":[],"product_cat":[20,17],"product_tag":[],"class_list":{"0":"post-2089","1":"product","2":"type-product","3":"status-publish","4":"has-post-thumbnail","6":"product_cat-arosdeplata","7":"product_cat-joyasdeplata","9":"first","10":"instock","11":"shipping-taxable","12":"purchasable","13":"product-type-simple"},"_links":{"self":[{"href":"https:\/\/joyasnehgne.cl\/wp3\/wp-json\/wp\/v2\/product\/2089","targetHints":{"allow":["GET"]}}],"collection":[{"href":"https:\/\/joyasnehgne.cl\/wp3\/wp-json\/wp\/v2\/product"}],"about":[{"href":"https:\/\/joyasnehgne.cl\/wp3\/wp-json\/wp\/v2\/types\/product"}],"wp:featuredmedia":[{"embeddable":true,"href":"https:\/\/joyasnehgne.cl\/wp3\/wp-json\/wp\/v2\/media\/2090"}],"wp:attachment":[{"href":"https:\/\/joyasnehgne.cl\/wp3\/wp-json\/wp\/v2\/media?parent=2089"}],"wp:term":[{"taxonomy":"product_brand","embeddable":true,"href":"https:\/\/joyasnehgne.cl\/wp3\/wp-json\/wp\/v2\/product_brand?post=2089"},{"taxonomy":"product_cat","embeddable":true,"href":"https:\/\/joyasnehgne.cl\/wp3\/wp-json\/wp\/v2\/product_cat?post=2089"},{"taxonomy":"product_tag","embeddable":true,"href":"https:\/\/joyasnehgne.cl\/wp3\/wp-json\/wp\/v2\/product_tag?post=2089"}],"curies":[{"name":"wp","href":"https:\/\/api.w.org\/{rel}","templated":true}]}}