{"id":1786,"date":"2025-12-17T14:39:35","date_gmt":"2025-12-17T14:39:35","guid":{"rendered":"https:\/\/joyasnehgne.cl\/wp3\/?post_type=product&#038;p=1786"},"modified":"2026-01-25T23:16:04","modified_gmt":"2026-01-25T23:16:04","slug":"collar-punto-luz-plata-cccp206","status":"publish","type":"product","link":"https:\/\/joyasnehgne.cl\/wp3\/product\/collar-punto-luz-plata-cccp206\/","title":{"rendered":"COLLAR PUNTO LUZ PLATA CCCP206"},"content":{"rendered":"<p>Delicado Collar modelo punto Luz Jacinta<\/p>\n<p>De plata 925 y Circ\u00f3n<\/p>\n<p>Largo 40 CM, incluye cadena para ajustar hasta los 43 CM<\/p>\n<p>Tama\u00f1o piedra 3 MM de di\u00e1metros<\/p>\n<p>cadena modelo veneciana<\/p>\n<p>Env\u00edos a todo Chile o puedes visitarnos en Providencia previa cita al +56992201582<\/p>\n","protected":false},"excerpt":{"rendered":"<p>Delicado Collar modelo punto Luz Jacinta De plata 925 y Circ\u00f3n Largo 40 CM, incluye cadena para ajustar hasta los 43 CM Tama\u00f1o piedra 3 MM de di\u00e1metros cadena modelo veneciana Env\u00edos a todo Chile o puedes visitarnos en Providencia previa cita al +56992201582<\/p>\n","protected":false},"featured_media":1790,"template":"","meta":{"pagelayer_contact_templates":[],"_pagelayer_content":""},"product_brand":[],"product_cat":[15,50,17],"product_tag":[],"class_list":{"0":"post-1786","1":"product","2":"type-product","3":"status-publish","4":"has-post-thumbnail","6":"product_cat-uncategorized","7":"product_cat-collaresdeplata","8":"product_cat-joyasdeplata","10":"first","11":"instock","12":"shipping-taxable","13":"purchasable","14":"product-type-simple"},"_links":{"self":[{"href":"https:\/\/joyasnehgne.cl\/wp3\/wp-json\/wp\/v2\/product\/1786","targetHints":{"allow":["GET"]}}],"collection":[{"href":"https:\/\/joyasnehgne.cl\/wp3\/wp-json\/wp\/v2\/product"}],"about":[{"href":"https:\/\/joyasnehgne.cl\/wp3\/wp-json\/wp\/v2\/types\/product"}],"wp:featuredmedia":[{"embeddable":true,"href":"https:\/\/joyasnehgne.cl\/wp3\/wp-json\/wp\/v2\/media\/1790"}],"wp:attachment":[{"href":"https:\/\/joyasnehgne.cl\/wp3\/wp-json\/wp\/v2\/media?parent=1786"}],"wp:term":[{"taxonomy":"product_brand","embeddable":true,"href":"https:\/\/joyasnehgne.cl\/wp3\/wp-json\/wp\/v2\/product_brand?post=1786"},{"taxonomy":"product_cat","embeddable":true,"href":"https:\/\/joyasnehgne.cl\/wp3\/wp-json\/wp\/v2\/product_cat?post=1786"},{"taxonomy":"product_tag","embeddable":true,"href":"https:\/\/joyasnehgne.cl\/wp3\/wp-json\/wp\/v2\/product_tag?post=1786"}],"curies":[{"name":"wp","href":"https:\/\/api.w.org\/{rel}","templated":true}]}}