{"id":1710,"date":"2025-11-12T21:30:17","date_gmt":"2025-11-12T21:30:17","guid":{"rendered":"https:\/\/joyasnehgne.cl\/wp3\/?post_type=product&#038;p=1710"},"modified":"2026-03-04T17:54:06","modified_gmt":"2026-03-04T17:54:06","slug":"aros-de-oro-18kt-co049","status":"publish","type":"product","link":"https:\/\/joyasnehgne.cl\/wp3\/product\/aros-de-oro-18kt-co049\/","title":{"rendered":"AROS DE ORO 18KT CO049"},"content":{"rendered":"<p>Aros de oro 18 kilates<\/p>\n<p>Procedencia Italiana<\/p>\n<p>Tama\u00f1o circunferencia 6MM<\/p>\n<p>Peso Aproximado 0,70 gramos<\/p>\n<p>Cierre enroscado<\/p>\n<p>Env\u00edos a todo Chile o puedes visitarnos en nuestras oficinas ubicadas en el coraz\u00f3n de Providencia, previa cita al +56992201582<\/p>\n","protected":false},"excerpt":{"rendered":"<p>Aros de oro 18 kilates Procedencia Italiana Tama\u00f1o circunferencia 6MM Peso Aproximado 0,70 gramos Cierre enroscado Env\u00edos a todo Chile o puedes visitarnos en nuestras oficinas ubicadas en el coraz\u00f3n de Providencia, previa cita al +56992201582<\/p>\n","protected":false},"featured_media":1711,"template":"","meta":{"pagelayer_contact_templates":[],"_pagelayer_content":""},"product_brand":[],"product_cat":[15,31,24],"product_tag":[],"class_list":{"0":"post-1710","1":"product","2":"type-product","3":"status-publish","4":"has-post-thumbnail","6":"product_cat-uncategorized","7":"product_cat-arosdeoro","8":"product_cat-joyasdeoro","10":"first","11":"instock","12":"shipping-taxable","13":"purchasable","14":"product-type-simple"},"_links":{"self":[{"href":"https:\/\/joyasnehgne.cl\/wp3\/wp-json\/wp\/v2\/product\/1710","targetHints":{"allow":["GET"]}}],"collection":[{"href":"https:\/\/joyasnehgne.cl\/wp3\/wp-json\/wp\/v2\/product"}],"about":[{"href":"https:\/\/joyasnehgne.cl\/wp3\/wp-json\/wp\/v2\/types\/product"}],"wp:featuredmedia":[{"embeddable":true,"href":"https:\/\/joyasnehgne.cl\/wp3\/wp-json\/wp\/v2\/media\/1711"}],"wp:attachment":[{"href":"https:\/\/joyasnehgne.cl\/wp3\/wp-json\/wp\/v2\/media?parent=1710"}],"wp:term":[{"taxonomy":"product_brand","embeddable":true,"href":"https:\/\/joyasnehgne.cl\/wp3\/wp-json\/wp\/v2\/product_brand?post=1710"},{"taxonomy":"product_cat","embeddable":true,"href":"https:\/\/joyasnehgne.cl\/wp3\/wp-json\/wp\/v2\/product_cat?post=1710"},{"taxonomy":"product_tag","embeddable":true,"href":"https:\/\/joyasnehgne.cl\/wp3\/wp-json\/wp\/v2\/product_tag?post=1710"}],"curies":[{"name":"wp","href":"https:\/\/api.w.org\/{rel}","templated":true}]}}