{"id":1599,"date":"2025-11-07T14:30:47","date_gmt":"2025-11-07T14:30:47","guid":{"rendered":"https:\/\/joyasnehgne.cl\/wp3\/?post_type=product&#038;p=1599"},"modified":"2026-02-20T17:30:22","modified_gmt":"2026-02-20T17:30:22","slug":"collar-de-oro-18kilates-cccp166","status":"publish","type":"product","link":"https:\/\/joyasnehgne.cl\/wp3\/product\/collar-de-oro-18kilates-cccp166\/","title":{"rendered":"COLLAR DE ORO 18KILATES CCCP166"},"content":{"rendered":"<p>Collar de oro 18kilates<\/p>\n<p>Elegancia artesanal Chilena<\/p>\n<p>Descubre la belleza incomparable de este collar elaborado a mano por expertas orfebres Chilenas.<\/p>\n<p>Con 8 discos colgante que reflejan un trabajo detallado y una dedicaci\u00f3n \u00fanica, creando una pieza ligera, moderna y llena de brillo<\/p>\n<p>Peso 4,4 gramos Aproximado<\/p>\n<p>Largo 40 adaptable a 44CM<\/p>\n<p>Env\u00edos a todo Chile o puedes visitarnos en nuestras oficinas ubicadas en Providencia , previa cita al +56992201582<\/p>\n<p>&nbsp;<\/p>\n","protected":false},"excerpt":{"rendered":"<p>Collar de oro 18kilates Elegancia artesanal Chilena Descubre la belleza incomparable de este collar elaborado a mano por expertas orfebres Chilenas. Con 8 discos colgante que reflejan un trabajo detallado y una dedicaci\u00f3n \u00fanica, creando una pieza ligera, moderna y llena de brillo Peso 4,4 gramos Aproximado Largo 40 adaptable a 44CM Env\u00edos a todo [&hellip;]<\/p>\n","protected":false},"featured_media":1604,"template":"","meta":{"pagelayer_contact_templates":[],"_pagelayer_content":""},"product_brand":[],"product_cat":[27,24],"product_tag":[],"class_list":{"0":"post-1599","1":"product","2":"type-product","3":"status-publish","4":"has-post-thumbnail","6":"product_cat-collaresdeoro","7":"product_cat-joyasdeoro","9":"first","10":"instock","11":"shipping-taxable","12":"purchasable","13":"product-type-simple"},"_links":{"self":[{"href":"https:\/\/joyasnehgne.cl\/wp3\/wp-json\/wp\/v2\/product\/1599","targetHints":{"allow":["GET"]}}],"collection":[{"href":"https:\/\/joyasnehgne.cl\/wp3\/wp-json\/wp\/v2\/product"}],"about":[{"href":"https:\/\/joyasnehgne.cl\/wp3\/wp-json\/wp\/v2\/types\/product"}],"wp:featuredmedia":[{"embeddable":true,"href":"https:\/\/joyasnehgne.cl\/wp3\/wp-json\/wp\/v2\/media\/1604"}],"wp:attachment":[{"href":"https:\/\/joyasnehgne.cl\/wp3\/wp-json\/wp\/v2\/media?parent=1599"}],"wp:term":[{"taxonomy":"product_brand","embeddable":true,"href":"https:\/\/joyasnehgne.cl\/wp3\/wp-json\/wp\/v2\/product_brand?post=1599"},{"taxonomy":"product_cat","embeddable":true,"href":"https:\/\/joyasnehgne.cl\/wp3\/wp-json\/wp\/v2\/product_cat?post=1599"},{"taxonomy":"product_tag","embeddable":true,"href":"https:\/\/joyasnehgne.cl\/wp3\/wp-json\/wp\/v2\/product_tag?post=1599"}],"curies":[{"name":"wp","href":"https:\/\/api.w.org\/{rel}","templated":true}]}}