{"id":1435,"date":"2025-07-31T16:28:28","date_gmt":"2025-07-31T16:28:28","guid":{"rendered":"https:\/\/joyasnehgne.cl\/wp3\/?post_type=product&#038;p=1435"},"modified":"2026-02-20T18:17:09","modified_gmt":"2026-02-20T18:17:09","slug":"anillo-de-oro-18k-anl132","status":"publish","type":"product","link":"https:\/\/joyasnehgne.cl\/wp3\/product\/anillo-de-oro-18k-anl132\/","title":{"rendered":"ANILLO DE ORO 18K ANL132"},"content":{"rendered":"<p>Anillo de oro 18kilates y rubies sint\u00e9ticos<\/p>\n<p>Hecho a mano por mujeres Chilenas<\/p>\n<p>Tama\u00f1o piedra central 6 x 4 MM Aprox.<\/p>\n<p>Peso anillo 4,77 gramos Aprox.<\/p>\n<p>Este hermoso anillo se personaliza tiempo confecci\u00f3n 1 semana.<\/p>\n<p>Enviamos a todo Chile<\/p>\n<p>o puedes retirarlo desde nuestro Showroom ubicado en Providencia, previa cita al +56992201582<\/p>\n","protected":false},"excerpt":{"rendered":"<p>Anillo de oro 18kilates y rubies sint\u00e9ticos Hecho a mano por mujeres Chilenas Tama\u00f1o piedra central 6 x 4 MM Aprox. Peso anillo 4,77 gramos Aprox. Este hermoso anillo se personaliza tiempo confecci\u00f3n 1 semana. Enviamos a todo Chile o puedes retirarlo desde nuestro Showroom ubicado en Providencia, previa cita al +56992201582<\/p>\n","protected":false},"featured_media":1436,"template":"","meta":{"pagelayer_contact_templates":[],"_pagelayer_content":""},"product_brand":[],"product_cat":[25,24],"product_tag":[],"class_list":{"0":"post-1435","1":"product","2":"type-product","3":"status-publish","4":"has-post-thumbnail","6":"product_cat-anillosdeoro","7":"product_cat-joyasdeoro","9":"first","10":"instock","11":"shipping-taxable","12":"purchasable","13":"product-type-simple"},"_links":{"self":[{"href":"https:\/\/joyasnehgne.cl\/wp3\/wp-json\/wp\/v2\/product\/1435","targetHints":{"allow":["GET"]}}],"collection":[{"href":"https:\/\/joyasnehgne.cl\/wp3\/wp-json\/wp\/v2\/product"}],"about":[{"href":"https:\/\/joyasnehgne.cl\/wp3\/wp-json\/wp\/v2\/types\/product"}],"wp:featuredmedia":[{"embeddable":true,"href":"https:\/\/joyasnehgne.cl\/wp3\/wp-json\/wp\/v2\/media\/1436"}],"wp:attachment":[{"href":"https:\/\/joyasnehgne.cl\/wp3\/wp-json\/wp\/v2\/media?parent=1435"}],"wp:term":[{"taxonomy":"product_brand","embeddable":true,"href":"https:\/\/joyasnehgne.cl\/wp3\/wp-json\/wp\/v2\/product_brand?post=1435"},{"taxonomy":"product_cat","embeddable":true,"href":"https:\/\/joyasnehgne.cl\/wp3\/wp-json\/wp\/v2\/product_cat?post=1435"},{"taxonomy":"product_tag","embeddable":true,"href":"https:\/\/joyasnehgne.cl\/wp3\/wp-json\/wp\/v2\/product_tag?post=1435"}],"curies":[{"name":"wp","href":"https:\/\/api.w.org\/{rel}","templated":true}]}}