{"id":1324,"date":"2025-06-11T16:59:37","date_gmt":"2025-06-11T16:59:37","guid":{"rendered":"https:\/\/joyasnehgne.cl\/wp3\/?post_type=product&#038;p=1324"},"modified":"2026-02-20T18:32:46","modified_gmt":"2026-02-20T18:32:46","slug":"anillo-de-oro-anl102","status":"publish","type":"product","link":"https:\/\/joyasnehgne.cl\/wp3\/product\/anillo-de-oro-anl102\/","title":{"rendered":"ANILLO DE ORO ANL102"},"content":{"rendered":"<p>Delicado anillo de oro de 18 kilates<\/p>\n<p>Acompa\u00f1ados de unos delicados circones<\/p>\n<p>Dando forma central\u00a0 a una estrella con 6 puntas<\/p>\n<p>Circ\u00f3n central 3MM (1)<\/p>\n<p>Circ\u00f3n rededor 1,5MM (6)<\/p>\n<p>Peso 1,9 gramos aproximado<\/p>\n<p>Env\u00edos a todo Chile o puede ser retirado desde nuestro Showroom ubicado en Providencia<\/p>\n<p>&nbsp;<\/p>\n","protected":false},"excerpt":{"rendered":"<p>Delicado anillo de oro de 18 kilates Acompa\u00f1ados de unos delicados circones Dando forma central\u00a0 a una estrella con 6 puntas Circ\u00f3n central 3MM (1) Circ\u00f3n rededor 1,5MM (6) Peso 1,9 gramos aproximado Env\u00edos a todo Chile o puede ser retirado desde nuestro Showroom ubicado en Providencia &nbsp;<\/p>\n","protected":false},"featured_media":1325,"template":"","meta":{"pagelayer_contact_templates":[],"_pagelayer_content":""},"product_brand":[],"product_cat":[25,24],"product_tag":[],"class_list":{"0":"post-1324","1":"product","2":"type-product","3":"status-publish","4":"has-post-thumbnail","6":"product_cat-anillosdeoro","7":"product_cat-joyasdeoro","9":"first","10":"instock","11":"shipping-taxable","12":"purchasable","13":"product-type-simple"},"_links":{"self":[{"href":"https:\/\/joyasnehgne.cl\/wp3\/wp-json\/wp\/v2\/product\/1324","targetHints":{"allow":["GET"]}}],"collection":[{"href":"https:\/\/joyasnehgne.cl\/wp3\/wp-json\/wp\/v2\/product"}],"about":[{"href":"https:\/\/joyasnehgne.cl\/wp3\/wp-json\/wp\/v2\/types\/product"}],"wp:featuredmedia":[{"embeddable":true,"href":"https:\/\/joyasnehgne.cl\/wp3\/wp-json\/wp\/v2\/media\/1325"}],"wp:attachment":[{"href":"https:\/\/joyasnehgne.cl\/wp3\/wp-json\/wp\/v2\/media?parent=1324"}],"wp:term":[{"taxonomy":"product_brand","embeddable":true,"href":"https:\/\/joyasnehgne.cl\/wp3\/wp-json\/wp\/v2\/product_brand?post=1324"},{"taxonomy":"product_cat","embeddable":true,"href":"https:\/\/joyasnehgne.cl\/wp3\/wp-json\/wp\/v2\/product_cat?post=1324"},{"taxonomy":"product_tag","embeddable":true,"href":"https:\/\/joyasnehgne.cl\/wp3\/wp-json\/wp\/v2\/product_tag?post=1324"}],"curies":[{"name":"wp","href":"https:\/\/api.w.org\/{rel}","templated":true}]}}